{"id":2354,"date":"2022-12-15T21:44:36","date_gmt":"2022-12-15T21:44:36","guid":{"rendered":"https:\/\/www.semen-l.org\/?post_type=tribe_events&#038;p=2354"},"modified":"2022-12-15T21:44:36","modified_gmt":"2022-12-15T21:44:36","slug":"conference-de-geraldine-cazals-guillaume-de-la-perriere-auteur-neo-latin","status":"publish","type":"tribe_events","link":"http:\/\/www.semen-l.org\/?tribe_events=conference-de-geraldine-cazals-guillaume-de-la-perriere-auteur-neo-latin","title":{"rendered":"Conf\u00e9rence de G\u00e9raldine Cazals : \u00ab\u00a0Guillaume de La Perri\u00e8re, auteur \u00ab\u00a0n\u00e9o-latin\u00a0\u00bb?\u00a0\u00bb"},"content":{"rendered":"<p>Le samedi 4 f\u00e9vrier 2023, en Sorbonne, amphi Michelet (entr\u00e9e par le 46 rue Saint-Jacques) \u00e0 14h30 se tiendra une conf\u00e9rence de G\u00e9raldine Cazals (Universit\u00e9 de Bordeaux) intitul\u00e9e \u00ab\u00a0Guillaume de La Perri\u00e8re, auteur \u00ab\u00a0n\u00e9o-latin\u00a0\u00bb?\u00a0\u00bb. Elle sera suivie par l&rsquo;Assembl\u00e9e g\u00e9n\u00e9rale de la SEMEN-L. Inscription obligatoire pour toute personne ext\u00e9rieure \u00e0 la Sorbonne, \u00e0 prendre avant le 1er f\u00e9vrier, par courriel \u00e0 l&rsquo;adresse semen-l at outlook.com. Les personnes ne poss\u00e9dant pas de carte professionnelle de la Sorbonne devront pr\u00e9senter une pi\u00e8ce d&rsquo;identit\u00e9 \u00e0 l&rsquo;entr\u00e9e\u00a0\u00bb.<\/p>\n","protected":false},"excerpt":{"rendered":"<p>Le samedi 4 f\u00e9vrier 2023, en Sorbonne, amphi Michelet (entr\u00e9e par le 46 rue Saint-Jacques) \u00e0 14h30 se tiendra une conf\u00e9rence de G\u00e9raldine Cazals (Universit\u00e9 de Bordeaux) intitul\u00e9e \u00ab\u00a0Guillaume de La Perri\u00e8re, auteur \u00ab\u00a0n\u00e9o-latin\u00a0\u00bb?\u00a0\u00bb. Elle sera suivie par l&rsquo;Assembl\u00e9e g\u00e9n\u00e9rale &hellip; <a href=\"http:\/\/www.semen-l.org\/?tribe_events=conference-de-geraldine-cazals-guillaume-de-la-perriere-auteur-neo-latin\">Continuer la lecture <span class=\"meta-nav\">&rarr;<\/span><\/a><\/p>\n","protected":false},"author":26,"featured_media":0,"template":"","meta":{"_tribe_events_status":"","_tribe_events_status_reason":"","footnotes":""},"tags":[],"tribe_events_cat":[1711],"class_list":["post-2354","tribe_events","type-tribe_events","status-publish","hentry","tribe_events_cat-conference","cat_conference"],"yoast_head":"<!-- This site is optimized with the Yoast SEO plugin v27.5 - https:\/\/yoast.com\/product\/yoast-seo-wordpress\/ -->\n<title>Conf\u00e9rence de G\u00e9raldine Cazals : &quot;Guillaume de La Perri\u00e8re, auteur &quot;n\u00e9o-latin&quot;?&quot; - Soci\u00e9t\u00e9 d&#039;\u00c9tudes M\u00e9dio Et N\u00e9o-Latines<\/title>\n<meta name=\"robots\" content=\"index, follow, max-snippet:-1, max-image-preview:large, max-video-preview:-1\" \/>\n<link rel=\"canonical\" href=\"http:\/\/www.semen-l.org\/?tribe_events=conference-de-geraldine-cazals-guillaume-de-la-perriere-auteur-neo-latin\" \/>\n<meta property=\"og:locale\" content=\"fr_FR\" \/>\n<meta property=\"og:type\" content=\"article\" \/>\n<meta property=\"og:title\" content=\"Conf\u00e9rence de G\u00e9raldine Cazals : &quot;Guillaume de La Perri\u00e8re, auteur &quot;n\u00e9o-latin&quot;?&quot; - Soci\u00e9t\u00e9 d&#039;\u00c9tudes M\u00e9dio Et N\u00e9o-Latines\" \/>\n<meta property=\"og:description\" content=\"Le samedi 4 f\u00e9vrier 2023, en Sorbonne, amphi Michelet (entr\u00e9e par le 46 rue Saint-Jacques) \u00e0 14h30 se tiendra une conf\u00e9rence de G\u00e9raldine Cazals (Universit\u00e9 de Bordeaux) intitul\u00e9e \u00ab\u00a0Guillaume de La Perri\u00e8re, auteur \u00ab\u00a0n\u00e9o-latin\u00a0\u00bb?\u00a0\u00bb. Elle sera suivie par l&rsquo;Assembl\u00e9e g\u00e9n\u00e9rale &hellip; Continuer la lecture &rarr;\" \/>\n<meta property=\"og:url\" content=\"http:\/\/www.semen-l.org\/?tribe_events=conference-de-geraldine-cazals-guillaume-de-la-perriere-auteur-neo-latin\" \/>\n<meta property=\"og:site_name\" content=\"Soci\u00e9t\u00e9 d&#039;\u00c9tudes M\u00e9dio Et N\u00e9o-Latines\" \/>\n<meta property=\"article:publisher\" content=\"https:\/\/www.facebook.com\/SEMENL2018\" \/>\n<meta name=\"twitter:card\" content=\"summary_large_image\" \/>\n<meta name=\"twitter:label1\" content=\"Dur\u00e9e de lecture estim\u00e9e\" \/>\n\t<meta name=\"twitter:data1\" content=\"1 minute\" \/>\n<script type=\"application\/ld+json\" class=\"yoast-schema-graph\">{\"@context\":\"https:\\\/\\\/schema.org\",\"@graph\":[{\"@type\":\"WebPage\",\"@id\":\"http:\\\/\\\/www.semen-l.org\\\/?tribe_events=conference-de-geraldine-cazals-guillaume-de-la-perriere-auteur-neo-latin\",\"url\":\"http:\\\/\\\/www.semen-l.org\\\/?tribe_events=conference-de-geraldine-cazals-guillaume-de-la-perriere-auteur-neo-latin\",\"name\":\"Conf\u00e9rence de G\u00e9raldine Cazals : \\\"Guillaume de La Perri\u00e8re, auteur \\\"n\u00e9o-latin\\\"?\\\" - Soci\u00e9t\u00e9 d&#039;\u00c9tudes M\u00e9dio Et N\u00e9o-Latines\",\"isPartOf\":{\"@id\":\"http:\\\/\\\/www.semen-l.org\\\/#website\"},\"datePublished\":\"2022-12-15T21:44:36+00:00\",\"breadcrumb\":{\"@id\":\"http:\\\/\\\/www.semen-l.org\\\/?tribe_events=conference-de-geraldine-cazals-guillaume-de-la-perriere-auteur-neo-latin#breadcrumb\"},\"inLanguage\":\"fr-FR\",\"potentialAction\":[{\"@type\":\"ReadAction\",\"target\":[\"http:\\\/\\\/www.semen-l.org\\\/?tribe_events=conference-de-geraldine-cazals-guillaume-de-la-perriere-auteur-neo-latin\"]}]},{\"@type\":\"BreadcrumbList\",\"@id\":\"http:\\\/\\\/www.semen-l.org\\\/?tribe_events=conference-de-geraldine-cazals-guillaume-de-la-perriere-auteur-neo-latin#breadcrumb\",\"itemListElement\":[{\"@type\":\"ListItem\",\"position\":1,\"name\":\"Accueil\",\"item\":\"http:\\\/\\\/www.semen-l.org\\\/\"},{\"@type\":\"ListItem\",\"position\":2,\"name\":\"\u00c9v\u00e8nements\",\"item\":\"http:\\\/\\\/www.semen-l.org\\\/?post_type=tribe_events\"},{\"@type\":\"ListItem\",\"position\":3,\"name\":\"Conf\u00e9rence de G\u00e9raldine Cazals : \u00ab\u00a0Guillaume de La Perri\u00e8re, auteur \u00ab\u00a0n\u00e9o-latin\u00a0\u00bb?\u00a0\u00bb\"}]},{\"@type\":\"WebSite\",\"@id\":\"http:\\\/\\\/www.semen-l.org\\\/#website\",\"url\":\"http:\\\/\\\/www.semen-l.org\\\/\",\"name\":\"Soci\u00e9t\u00e9 d'\u00c9tudes M\u00e9dio Et N\u00e9o-Latines\",\"description\":\"\",\"publisher\":{\"@id\":\"http:\\\/\\\/www.semen-l.org\\\/#organization\"},\"potentialAction\":[{\"@type\":\"SearchAction\",\"target\":{\"@type\":\"EntryPoint\",\"urlTemplate\":\"http:\\\/\\\/www.semen-l.org\\\/?s={search_term_string}\"},\"query-input\":{\"@type\":\"PropertyValueSpecification\",\"valueRequired\":true,\"valueName\":\"search_term_string\"}}],\"inLanguage\":\"fr-FR\"},{\"@type\":\"Organization\",\"@id\":\"http:\\\/\\\/www.semen-l.org\\\/#organization\",\"name\":\"Soci\u00e9t\u00e9 d'\u00e9tudes m\u00e9dio et n\u00e9o-latines\",\"url\":\"http:\\\/\\\/www.semen-l.org\\\/\",\"logo\":{\"@type\":\"ImageObject\",\"inLanguage\":\"fr-FR\",\"@id\":\"http:\\\/\\\/www.semen-l.org\\\/#\\\/schema\\\/logo\\\/image\\\/\",\"url\":\"http:\\\/\\\/www.semen-l.org\\\/wp-content\\\/uploads\\\/2020\\\/11\\\/logo-semenl.jpg\",\"contentUrl\":\"http:\\\/\\\/www.semen-l.org\\\/wp-content\\\/uploads\\\/2020\\\/11\\\/logo-semenl.jpg\",\"width\":408,\"height\":403,\"caption\":\"Soci\u00e9t\u00e9 d'\u00e9tudes m\u00e9dio et n\u00e9o-latines\"},\"image\":{\"@id\":\"http:\\\/\\\/www.semen-l.org\\\/#\\\/schema\\\/logo\\\/image\\\/\"},\"sameAs\":[\"https:\\\/\\\/www.facebook.com\\\/SEMENL2018\",\"https:\\\/\\\/independent.academia.edu\\\/SocitsdtudesmdioetnolatinesSEMENL\"]}]}<\/script>\n<!-- \/ Yoast SEO plugin. -->","yoast_head_json":{"title":"Conf\u00e9rence de G\u00e9raldine Cazals : \"Guillaume de La Perri\u00e8re, auteur \"n\u00e9o-latin\"?\" - Soci\u00e9t\u00e9 d&#039;\u00c9tudes M\u00e9dio Et N\u00e9o-Latines","robots":{"index":"index","follow":"follow","max-snippet":"max-snippet:-1","max-image-preview":"max-image-preview:large","max-video-preview":"max-video-preview:-1"},"canonical":"http:\/\/www.semen-l.org\/?tribe_events=conference-de-geraldine-cazals-guillaume-de-la-perriere-auteur-neo-latin","og_locale":"fr_FR","og_type":"article","og_title":"Conf\u00e9rence de G\u00e9raldine Cazals : \"Guillaume de La Perri\u00e8re, auteur \"n\u00e9o-latin\"?\" - Soci\u00e9t\u00e9 d&#039;\u00c9tudes M\u00e9dio Et N\u00e9o-Latines","og_description":"Le samedi 4 f\u00e9vrier 2023, en Sorbonne, amphi Michelet (entr\u00e9e par le 46 rue Saint-Jacques) \u00e0 14h30 se tiendra une conf\u00e9rence de G\u00e9raldine Cazals (Universit\u00e9 de Bordeaux) intitul\u00e9e \u00ab\u00a0Guillaume de La Perri\u00e8re, auteur \u00ab\u00a0n\u00e9o-latin\u00a0\u00bb?\u00a0\u00bb. Elle sera suivie par l&rsquo;Assembl\u00e9e g\u00e9n\u00e9rale &hellip; Continuer la lecture &rarr;","og_url":"http:\/\/www.semen-l.org\/?tribe_events=conference-de-geraldine-cazals-guillaume-de-la-perriere-auteur-neo-latin","og_site_name":"Soci\u00e9t\u00e9 d&#039;\u00c9tudes M\u00e9dio Et N\u00e9o-Latines","article_publisher":"https:\/\/www.facebook.com\/SEMENL2018","twitter_card":"summary_large_image","twitter_misc":{"Dur\u00e9e de lecture estim\u00e9e":"1 minute"},"schema":{"@context":"https:\/\/schema.org","@graph":[{"@type":"WebPage","@id":"http:\/\/www.semen-l.org\/?tribe_events=conference-de-geraldine-cazals-guillaume-de-la-perriere-auteur-neo-latin","url":"http:\/\/www.semen-l.org\/?tribe_events=conference-de-geraldine-cazals-guillaume-de-la-perriere-auteur-neo-latin","name":"Conf\u00e9rence de G\u00e9raldine Cazals : \"Guillaume de La Perri\u00e8re, auteur \"n\u00e9o-latin\"?\" - Soci\u00e9t\u00e9 d&#039;\u00c9tudes M\u00e9dio Et N\u00e9o-Latines","isPartOf":{"@id":"http:\/\/www.semen-l.org\/#website"},"datePublished":"2022-12-15T21:44:36+00:00","breadcrumb":{"@id":"http:\/\/www.semen-l.org\/?tribe_events=conference-de-geraldine-cazals-guillaume-de-la-perriere-auteur-neo-latin#breadcrumb"},"inLanguage":"fr-FR","potentialAction":[{"@type":"ReadAction","target":["http:\/\/www.semen-l.org\/?tribe_events=conference-de-geraldine-cazals-guillaume-de-la-perriere-auteur-neo-latin"]}]},{"@type":"BreadcrumbList","@id":"http:\/\/www.semen-l.org\/?tribe_events=conference-de-geraldine-cazals-guillaume-de-la-perriere-auteur-neo-latin#breadcrumb","itemListElement":[{"@type":"ListItem","position":1,"name":"Accueil","item":"http:\/\/www.semen-l.org\/"},{"@type":"ListItem","position":2,"name":"\u00c9v\u00e8nements","item":"http:\/\/www.semen-l.org\/?post_type=tribe_events"},{"@type":"ListItem","position":3,"name":"Conf\u00e9rence de G\u00e9raldine Cazals : \u00ab\u00a0Guillaume de La Perri\u00e8re, auteur \u00ab\u00a0n\u00e9o-latin\u00a0\u00bb?\u00a0\u00bb"}]},{"@type":"WebSite","@id":"http:\/\/www.semen-l.org\/#website","url":"http:\/\/www.semen-l.org\/","name":"Soci\u00e9t\u00e9 d'\u00c9tudes M\u00e9dio Et N\u00e9o-Latines","description":"","publisher":{"@id":"http:\/\/www.semen-l.org\/#organization"},"potentialAction":[{"@type":"SearchAction","target":{"@type":"EntryPoint","urlTemplate":"http:\/\/www.semen-l.org\/?s={search_term_string}"},"query-input":{"@type":"PropertyValueSpecification","valueRequired":true,"valueName":"search_term_string"}}],"inLanguage":"fr-FR"},{"@type":"Organization","@id":"http:\/\/www.semen-l.org\/#organization","name":"Soci\u00e9t\u00e9 d'\u00e9tudes m\u00e9dio et n\u00e9o-latines","url":"http:\/\/www.semen-l.org\/","logo":{"@type":"ImageObject","inLanguage":"fr-FR","@id":"http:\/\/www.semen-l.org\/#\/schema\/logo\/image\/","url":"http:\/\/www.semen-l.org\/wp-content\/uploads\/2020\/11\/logo-semenl.jpg","contentUrl":"http:\/\/www.semen-l.org\/wp-content\/uploads\/2020\/11\/logo-semenl.jpg","width":408,"height":403,"caption":"Soci\u00e9t\u00e9 d'\u00e9tudes m\u00e9dio et n\u00e9o-latines"},"image":{"@id":"http:\/\/www.semen-l.org\/#\/schema\/logo\/image\/"},"sameAs":["https:\/\/www.facebook.com\/SEMENL2018","https:\/\/independent.academia.edu\/SocitsdtudesmdioetnolatinesSEMENL"]}]}},"_links":{"self":[{"href":"http:\/\/www.semen-l.org\/index.php?rest_route=\/wp\/v2\/tribe_events\/2354","targetHints":{"allow":["GET"]}}],"collection":[{"href":"http:\/\/www.semen-l.org\/index.php?rest_route=\/wp\/v2\/tribe_events"}],"about":[{"href":"http:\/\/www.semen-l.org\/index.php?rest_route=\/wp\/v2\/types\/tribe_events"}],"author":[{"embeddable":true,"href":"http:\/\/www.semen-l.org\/index.php?rest_route=\/wp\/v2\/users\/26"}],"version-history":[{"count":0,"href":"http:\/\/www.semen-l.org\/index.php?rest_route=\/wp\/v2\/tribe_events\/2354\/revisions"}],"wp:attachment":[{"href":"http:\/\/www.semen-l.org\/index.php?rest_route=%2Fwp%2Fv2%2Fmedia&parent=2354"}],"wp:term":[{"taxonomy":"post_tag","embeddable":true,"href":"http:\/\/www.semen-l.org\/index.php?rest_route=%2Fwp%2Fv2%2Ftags&post=2354"},{"taxonomy":"tribe_events_cat","embeddable":true,"href":"http:\/\/www.semen-l.org\/index.php?rest_route=%2Fwp%2Fv2%2Ftribe_events_cat&post=2354"}],"curies":[{"name":"wp","href":"https:\/\/api.w.org\/{rel}","templated":true}]}}

Conférence de Géraldine Cazals : « Guillaume de La Perrière, auteur « néo-latin »? »

<p>Le samedi 4 février 2023, en Sorbonne, amphi Michelet (entrée par le 46 rue Saint-Jacques) à 14h30 se tiendra une conférence de Géraldine Cazals (Université de Bordeaux) intitulée « Guillaume de La Perrière, auteur « néo-latin »? ». Elle sera suivie par l&rsquo;Assemblée générale de la SEMEN-L. Inscription obligatoire pour toute personne extérieure à la Sorbonne, à prendre avant le 1er février, par courriel à l&rsquo;adresse semen-l at outlook.com. Les personnes ne possédant pas de carte professionnelle de la Sorbonne devront présenter une pièce d&rsquo;identité à l&rsquo;entrée ».</p>

<p>Le samedi 4 février 2023, en Sorbonne, amphi Michelet (entrée par le 46 rue Saint-Jacques) à 14h30 se tiendra une conférence de Géraldine Cazals (Université de Bordeaux) intitulée « Guillaume de La Perrière, auteur « néo-latin »? ». Elle sera suivie par l&rsquo;Assemblée générale &hellip; <a href="http://www.semen-l.org/?tribe_events=conference-de-geraldine-cazals-guillaume-de-la-perriere-auteur-neo-latin">Continuer la lecture <span class="meta-nav">&rarr;</span></a></p>

<!-- This site is optimized with the Yoast SEO plugin v27.5 - https://yoast.com/product/yoast-seo-wordpress/ -->
<title>Conférence de Géraldine Cazals : &quot;Guillaume de La Perrière, auteur &quot;néo-latin&quot;?&quot; - Société d&#039;Études Médio Et Néo-Latines</title>
<meta name="robots" content="index, follow, max-snippet:-1, max-image-preview:large, max-video-preview:-1" />
<link rel="canonical" href="http://www.semen-l.org/?tribe_events=conference-de-geraldine-cazals-guillaume-de-la-perriere-auteur-neo-latin" />
<meta property="og:locale" content="fr_FR" />
<meta property="og:type" content="article" />
<meta property="og:title" content="Conférence de Géraldine Cazals : &quot;Guillaume de La Perrière, auteur &quot;néo-latin&quot;?&quot; - Société d&#039;Études Médio Et Néo-Latines" />
<meta property="og:description" content="Le samedi 4 février 2023, en Sorbonne, amphi Michelet (entrée par le 46 rue Saint-Jacques) à 14h30 se tiendra une conférence de Géraldine Cazals (Université de Bordeaux) intitulée « Guillaume de La Perrière, auteur « néo-latin »? ». Elle sera suivie par l&rsquo;Assemblée générale &hellip; Continuer la lecture &rarr;" />
<meta property="og:url" content="http://www.semen-l.org/?tribe_events=conference-de-geraldine-cazals-guillaume-de-la-perriere-auteur-neo-latin" />
<meta property="og:site_name" content="Société d&#039;Études Médio Et Néo-Latines" />
<meta property="article:publisher" content="https://www.facebook.com/SEMENL2018" />
<meta name="twitter:card" content="summary_large_image" />
<meta name="twitter:label1" content="Durée de lecture estimée" />
	<meta name="twitter:data1" content="1 minute" />
<script type="application/ld+json" class="yoast-schema-graph">{"@context":"https:\/\/schema.org","@graph":[{"@type":"WebPage","@id":"http:\/\/www.semen-l.org\/?tribe_events=conference-de-geraldine-cazals-guillaume-de-la-perriere-auteur-neo-latin","url":"http:\/\/www.semen-l.org\/?tribe_events=conference-de-geraldine-cazals-guillaume-de-la-perriere-auteur-neo-latin","name":"Conférence de Géraldine Cazals : \"Guillaume de La Perrière, auteur \"néo-latin\"?\" - Société d&#039;Études Médio Et Néo-Latines","isPartOf":{"@id":"http:\/\/www.semen-l.org\/#website"},"datePublished":"2022-12-15T21:44:36+00:00","breadcrumb":{"@id":"http:\/\/www.semen-l.org\/?tribe_events=conference-de-geraldine-cazals-guillaume-de-la-perriere-auteur-neo-latin#breadcrumb"},"inLanguage":"fr-FR","potentialAction":[{"@type":"ReadAction","target":["http:\/\/www.semen-l.org\/?tribe_events=conference-de-geraldine-cazals-guillaume-de-la-perriere-auteur-neo-latin"]}]},{"@type":"BreadcrumbList","@id":"http:\/\/www.semen-l.org\/?tribe_events=conference-de-geraldine-cazals-guillaume-de-la-perriere-auteur-neo-latin#breadcrumb","itemListElement":[{"@type":"ListItem","position":1,"name":"Accueil","item":"http:\/\/www.semen-l.org\/"},{"@type":"ListItem","position":2,"name":"Évènements","item":"http:\/\/www.semen-l.org\/?post_type=tribe_events"},{"@type":"ListItem","position":3,"name":"Conférence de Géraldine Cazals : « Guillaume de La Perrière, auteur « néo-latin »? »"}]},{"@type":"WebSite","@id":"http:\/\/www.semen-l.org\/#website","url":"http:\/\/www.semen-l.org\/","name":"Société d'Études Médio Et Néo-Latines","description":"","publisher":{"@id":"http:\/\/www.semen-l.org\/#organization"},"potentialAction":[{"@type":"SearchAction","target":{"@type":"EntryPoint","urlTemplate":"http:\/\/www.semen-l.org\/?s={search_term_string}"},"query-input":{"@type":"PropertyValueSpecification","valueRequired":true,"valueName":"search_term_string"}}],"inLanguage":"fr-FR"},{"@type":"Organization","@id":"http:\/\/www.semen-l.org\/#organization","name":"Société d'études médio et néo-latines","url":"http:\/\/www.semen-l.org\/","logo":{"@type":"ImageObject","inLanguage":"fr-FR","@id":"http:\/\/www.semen-l.org\/#\/schema\/logo\/image\/","url":"http:\/\/www.semen-l.org\/wp-content\/uploads\/2020\/11\/logo-semenl.jpg","contentUrl":"http:\/\/www.semen-l.org\/wp-content\/uploads\/2020\/11\/logo-semenl.jpg","width":408,"height":403,"caption":"Société d'études médio et néo-latines"},"image":{"@id":"http:\/\/www.semen-l.org\/#\/schema\/logo\/image\/"},"sameAs":["https:\/\/www.facebook.com\/SEMENL2018","https:\/\/independent.academia.edu\/SocitsdtudesmdioetnolatinesSEMENL"]}]}</script>
<!-- / Yoast SEO plugin. -->

Conférence de Géraldine Cazals : "Guillaume de La Perrière, auteur "néo-latin"?" - Société d&#039;Études Médio Et Néo-Latines

Le samedi 4 février 2023, en Sorbonne, amphi Michelet (entrée par le 46 rue Saint-Jacques) à 14h30 se tiendra une conférence de Géraldine Cazals (Université de Bordeaux) intitulée « Guillaume de La Perrière, auteur « néo-latin »? ». Elle sera suivie par l&rsquo;Assemblée générale &hellip; Continuer la lecture &rarr;

Société d&#039;Études Médio Et Néo-Latines

Évènements

Société d'Études Médio Et Néo-Latines

Société d'études médio et néo-latines
