{"id":2352,"date":"2022-12-15T21:41:56","date_gmt":"2022-12-15T21:41:56","guid":{"rendered":"https:\/\/www.semen-l.org\/?post_type=tribe_events&#038;p=2352"},"modified":"2022-12-15T21:41:56","modified_gmt":"2022-12-15T21:41:56","slug":"assemblee-generale-de-la-semen-l-sorbonne","status":"publish","type":"tribe_events","link":"http:\/\/www.semen-l.org\/?tribe_events=assemblee-generale-de-la-semen-l-sorbonne","title":{"rendered":"Assembl\u00e9e g\u00e9n\u00e9rale de la SEMEN-L (Sorbonne)"},"content":{"rendered":"<p>\u00ab\u00a0L&rsquo;Assembl\u00e9e g\u00e9n\u00e9rale de la SEMEN-L se tiendra en Sorbonne le samedi 4 f\u00e9vrier 2023, amphi Michelet (entr\u00e9e par le 46 rue Saint-Jacques). Elle sera pr\u00e9c\u00e9d\u00e9e, \u00e0 14h30, d&rsquo;une conf\u00e9rence de G\u00e9raldine Cazals (Universit\u00e9 de Bordeaux) intitul\u00e9e \u00ab\u00a0Guillaume de La Perri\u00e8re, auteur \u00ab\u00a0n\u00e9o-latin\u00a0\u00bb?\u00a0\u00bb. Inscription obligatoire pour toute personne ext\u00e9rieure \u00e0 la Sorbonne, \u00e0 prendre avant le 1er f\u00e9vrier, par courriel \u00e0 l&rsquo;adresse semen-l at outlook.com. Les personnes ne poss\u00e9dant pas de carte professionnelle de la Sorbonne devront pr\u00e9senter une pi\u00e8ce d&rsquo;identit\u00e9 \u00e0 l&rsquo;entr\u00e9e\u00a0\u00bb.<\/p>\n","protected":false},"excerpt":{"rendered":"<p>\u00ab\u00a0L&rsquo;Assembl\u00e9e g\u00e9n\u00e9rale de la SEMEN-L se tiendra en Sorbonne le samedi 4 f\u00e9vrier 2023, amphi Michelet (entr\u00e9e par le 46 rue Saint-Jacques). Elle sera pr\u00e9c\u00e9d\u00e9e, \u00e0 14h30, d&rsquo;une conf\u00e9rence de G\u00e9raldine Cazals (Universit\u00e9 de Bordeaux) intitul\u00e9e \u00ab\u00a0Guillaume de La Perri\u00e8re, &hellip; <a href=\"http:\/\/www.semen-l.org\/?tribe_events=assemblee-generale-de-la-semen-l-sorbonne\">Continuer la lecture <span class=\"meta-nav\">&rarr;<\/span><\/a><\/p>\n","protected":false},"author":26,"featured_media":0,"template":"","meta":{"_tribe_events_status":"","_tribe_events_status_reason":"","footnotes":""},"tags":[],"tribe_events_cat":[1676],"class_list":["post-2352","tribe_events","type-tribe_events","status-publish","hentry","tribe_events_cat-assemblee-generale","cat_assemblee-generale"],"yoast_head":"<!-- This site is optimized with the Yoast SEO plugin v27.5 - https:\/\/yoast.com\/product\/yoast-seo-wordpress\/ -->\n<title>Assembl\u00e9e g\u00e9n\u00e9rale de la SEMEN-L (Sorbonne) - Soci\u00e9t\u00e9 d&#039;\u00c9tudes M\u00e9dio Et N\u00e9o-Latines<\/title>\n<meta name=\"robots\" content=\"index, follow, max-snippet:-1, max-image-preview:large, max-video-preview:-1\" \/>\n<link rel=\"canonical\" href=\"https:\/\/www.semen-l.org\/?tribe_events=assemblee-generale-de-la-semen-l-sorbonne\" \/>\n<meta property=\"og:locale\" content=\"fr_FR\" \/>\n<meta property=\"og:type\" content=\"article\" \/>\n<meta property=\"og:title\" content=\"Assembl\u00e9e g\u00e9n\u00e9rale de la SEMEN-L (Sorbonne) - Soci\u00e9t\u00e9 d&#039;\u00c9tudes M\u00e9dio Et N\u00e9o-Latines\" \/>\n<meta property=\"og:description\" content=\"\u00ab\u00a0L&rsquo;Assembl\u00e9e g\u00e9n\u00e9rale de la SEMEN-L se tiendra en Sorbonne le samedi 4 f\u00e9vrier 2023, amphi Michelet (entr\u00e9e par le 46 rue Saint-Jacques). Elle sera pr\u00e9c\u00e9d\u00e9e, \u00e0 14h30, d&rsquo;une conf\u00e9rence de G\u00e9raldine Cazals (Universit\u00e9 de Bordeaux) intitul\u00e9e \u00ab\u00a0Guillaume de La Perri\u00e8re, &hellip; Continuer la lecture &rarr;\" \/>\n<meta property=\"og:url\" content=\"https:\/\/www.semen-l.org\/?tribe_events=assemblee-generale-de-la-semen-l-sorbonne\" \/>\n<meta property=\"og:site_name\" content=\"Soci\u00e9t\u00e9 d&#039;\u00c9tudes M\u00e9dio Et N\u00e9o-Latines\" \/>\n<meta property=\"article:publisher\" content=\"https:\/\/www.facebook.com\/SEMENL2018\" \/>\n<meta name=\"twitter:card\" content=\"summary_large_image\" \/>\n<meta name=\"twitter:label1\" content=\"Dur\u00e9e de lecture estim\u00e9e\" \/>\n\t<meta name=\"twitter:data1\" content=\"1 minute\" \/>\n<script type=\"application\/ld+json\" class=\"yoast-schema-graph\">{\"@context\":\"https:\\\/\\\/schema.org\",\"@graph\":[{\"@type\":\"WebPage\",\"@id\":\"https:\\\/\\\/www.semen-l.org\\\/?tribe_events=assemblee-generale-de-la-semen-l-sorbonne\",\"url\":\"https:\\\/\\\/www.semen-l.org\\\/?tribe_events=assemblee-generale-de-la-semen-l-sorbonne\",\"name\":\"Assembl\u00e9e g\u00e9n\u00e9rale de la SEMEN-L (Sorbonne) - Soci\u00e9t\u00e9 d&#039;\u00c9tudes M\u00e9dio Et N\u00e9o-Latines\",\"isPartOf\":{\"@id\":\"http:\\\/\\\/www.semen-l.org\\\/#website\"},\"datePublished\":\"2022-12-15T21:41:56+00:00\",\"breadcrumb\":{\"@id\":\"https:\\\/\\\/www.semen-l.org\\\/?tribe_events=assemblee-generale-de-la-semen-l-sorbonne#breadcrumb\"},\"inLanguage\":\"fr-FR\",\"potentialAction\":[{\"@type\":\"ReadAction\",\"target\":[\"https:\\\/\\\/www.semen-l.org\\\/?tribe_events=assemblee-generale-de-la-semen-l-sorbonne\"]}]},{\"@type\":\"BreadcrumbList\",\"@id\":\"https:\\\/\\\/www.semen-l.org\\\/?tribe_events=assemblee-generale-de-la-semen-l-sorbonne#breadcrumb\",\"itemListElement\":[{\"@type\":\"ListItem\",\"position\":1,\"name\":\"Accueil\",\"item\":\"http:\\\/\\\/www.semen-l.org\\\/\"},{\"@type\":\"ListItem\",\"position\":2,\"name\":\"\u00c9v\u00e8nements\",\"item\":\"http:\\\/\\\/www.semen-l.org\\\/?post_type=tribe_events\"},{\"@type\":\"ListItem\",\"position\":3,\"name\":\"Assembl\u00e9e g\u00e9n\u00e9rale de la SEMEN-L (Sorbonne)\"}]},{\"@type\":\"WebSite\",\"@id\":\"http:\\\/\\\/www.semen-l.org\\\/#website\",\"url\":\"http:\\\/\\\/www.semen-l.org\\\/\",\"name\":\"Soci\u00e9t\u00e9 d'\u00c9tudes M\u00e9dio Et N\u00e9o-Latines\",\"description\":\"\",\"publisher\":{\"@id\":\"http:\\\/\\\/www.semen-l.org\\\/#organization\"},\"potentialAction\":[{\"@type\":\"SearchAction\",\"target\":{\"@type\":\"EntryPoint\",\"urlTemplate\":\"http:\\\/\\\/www.semen-l.org\\\/?s={search_term_string}\"},\"query-input\":{\"@type\":\"PropertyValueSpecification\",\"valueRequired\":true,\"valueName\":\"search_term_string\"}}],\"inLanguage\":\"fr-FR\"},{\"@type\":\"Organization\",\"@id\":\"http:\\\/\\\/www.semen-l.org\\\/#organization\",\"name\":\"Soci\u00e9t\u00e9 d'\u00e9tudes m\u00e9dio et n\u00e9o-latines\",\"url\":\"http:\\\/\\\/www.semen-l.org\\\/\",\"logo\":{\"@type\":\"ImageObject\",\"inLanguage\":\"fr-FR\",\"@id\":\"http:\\\/\\\/www.semen-l.org\\\/#\\\/schema\\\/logo\\\/image\\\/\",\"url\":\"http:\\\/\\\/www.semen-l.org\\\/wp-content\\\/uploads\\\/2020\\\/11\\\/logo-semenl.jpg\",\"contentUrl\":\"http:\\\/\\\/www.semen-l.org\\\/wp-content\\\/uploads\\\/2020\\\/11\\\/logo-semenl.jpg\",\"width\":408,\"height\":403,\"caption\":\"Soci\u00e9t\u00e9 d'\u00e9tudes m\u00e9dio et n\u00e9o-latines\"},\"image\":{\"@id\":\"http:\\\/\\\/www.semen-l.org\\\/#\\\/schema\\\/logo\\\/image\\\/\"},\"sameAs\":[\"https:\\\/\\\/www.facebook.com\\\/SEMENL2018\",\"https:\\\/\\\/independent.academia.edu\\\/SocitsdtudesmdioetnolatinesSEMENL\"]}]}<\/script>\n<!-- \/ Yoast SEO plugin. -->","yoast_head_json":{"title":"Assembl\u00e9e g\u00e9n\u00e9rale de la SEMEN-L (Sorbonne) - Soci\u00e9t\u00e9 d&#039;\u00c9tudes M\u00e9dio Et N\u00e9o-Latines","robots":{"index":"index","follow":"follow","max-snippet":"max-snippet:-1","max-image-preview":"max-image-preview:large","max-video-preview":"max-video-preview:-1"},"canonical":"https:\/\/www.semen-l.org\/?tribe_events=assemblee-generale-de-la-semen-l-sorbonne","og_locale":"fr_FR","og_type":"article","og_title":"Assembl\u00e9e g\u00e9n\u00e9rale de la SEMEN-L (Sorbonne) - Soci\u00e9t\u00e9 d&#039;\u00c9tudes M\u00e9dio Et N\u00e9o-Latines","og_description":"\u00ab\u00a0L&rsquo;Assembl\u00e9e g\u00e9n\u00e9rale de la SEMEN-L se tiendra en Sorbonne le samedi 4 f\u00e9vrier 2023, amphi Michelet (entr\u00e9e par le 46 rue Saint-Jacques). Elle sera pr\u00e9c\u00e9d\u00e9e, \u00e0 14h30, d&rsquo;une conf\u00e9rence de G\u00e9raldine Cazals (Universit\u00e9 de Bordeaux) intitul\u00e9e \u00ab\u00a0Guillaume de La Perri\u00e8re, &hellip; Continuer la lecture &rarr;","og_url":"https:\/\/www.semen-l.org\/?tribe_events=assemblee-generale-de-la-semen-l-sorbonne","og_site_name":"Soci\u00e9t\u00e9 d&#039;\u00c9tudes M\u00e9dio Et N\u00e9o-Latines","article_publisher":"https:\/\/www.facebook.com\/SEMENL2018","twitter_card":"summary_large_image","twitter_misc":{"Dur\u00e9e de lecture estim\u00e9e":"1 minute"},"schema":{"@context":"https:\/\/schema.org","@graph":[{"@type":"WebPage","@id":"https:\/\/www.semen-l.org\/?tribe_events=assemblee-generale-de-la-semen-l-sorbonne","url":"https:\/\/www.semen-l.org\/?tribe_events=assemblee-generale-de-la-semen-l-sorbonne","name":"Assembl\u00e9e g\u00e9n\u00e9rale de la SEMEN-L (Sorbonne) - Soci\u00e9t\u00e9 d&#039;\u00c9tudes M\u00e9dio Et N\u00e9o-Latines","isPartOf":{"@id":"http:\/\/www.semen-l.org\/#website"},"datePublished":"2022-12-15T21:41:56+00:00","breadcrumb":{"@id":"https:\/\/www.semen-l.org\/?tribe_events=assemblee-generale-de-la-semen-l-sorbonne#breadcrumb"},"inLanguage":"fr-FR","potentialAction":[{"@type":"ReadAction","target":["https:\/\/www.semen-l.org\/?tribe_events=assemblee-generale-de-la-semen-l-sorbonne"]}]},{"@type":"BreadcrumbList","@id":"https:\/\/www.semen-l.org\/?tribe_events=assemblee-generale-de-la-semen-l-sorbonne#breadcrumb","itemListElement":[{"@type":"ListItem","position":1,"name":"Accueil","item":"http:\/\/www.semen-l.org\/"},{"@type":"ListItem","position":2,"name":"\u00c9v\u00e8nements","item":"http:\/\/www.semen-l.org\/?post_type=tribe_events"},{"@type":"ListItem","position":3,"name":"Assembl\u00e9e g\u00e9n\u00e9rale de la SEMEN-L (Sorbonne)"}]},{"@type":"WebSite","@id":"http:\/\/www.semen-l.org\/#website","url":"http:\/\/www.semen-l.org\/","name":"Soci\u00e9t\u00e9 d'\u00c9tudes M\u00e9dio Et N\u00e9o-Latines","description":"","publisher":{"@id":"http:\/\/www.semen-l.org\/#organization"},"potentialAction":[{"@type":"SearchAction","target":{"@type":"EntryPoint","urlTemplate":"http:\/\/www.semen-l.org\/?s={search_term_string}"},"query-input":{"@type":"PropertyValueSpecification","valueRequired":true,"valueName":"search_term_string"}}],"inLanguage":"fr-FR"},{"@type":"Organization","@id":"http:\/\/www.semen-l.org\/#organization","name":"Soci\u00e9t\u00e9 d'\u00e9tudes m\u00e9dio et n\u00e9o-latines","url":"http:\/\/www.semen-l.org\/","logo":{"@type":"ImageObject","inLanguage":"fr-FR","@id":"http:\/\/www.semen-l.org\/#\/schema\/logo\/image\/","url":"http:\/\/www.semen-l.org\/wp-content\/uploads\/2020\/11\/logo-semenl.jpg","contentUrl":"http:\/\/www.semen-l.org\/wp-content\/uploads\/2020\/11\/logo-semenl.jpg","width":408,"height":403,"caption":"Soci\u00e9t\u00e9 d'\u00e9tudes m\u00e9dio et n\u00e9o-latines"},"image":{"@id":"http:\/\/www.semen-l.org\/#\/schema\/logo\/image\/"},"sameAs":["https:\/\/www.facebook.com\/SEMENL2018","https:\/\/independent.academia.edu\/SocitsdtudesmdioetnolatinesSEMENL"]}]}},"_links":{"self":[{"href":"http:\/\/www.semen-l.org\/index.php?rest_route=\/wp\/v2\/tribe_events\/2352","targetHints":{"allow":["GET"]}}],"collection":[{"href":"http:\/\/www.semen-l.org\/index.php?rest_route=\/wp\/v2\/tribe_events"}],"about":[{"href":"http:\/\/www.semen-l.org\/index.php?rest_route=\/wp\/v2\/types\/tribe_events"}],"author":[{"embeddable":true,"href":"http:\/\/www.semen-l.org\/index.php?rest_route=\/wp\/v2\/users\/26"}],"version-history":[{"count":0,"href":"http:\/\/www.semen-l.org\/index.php?rest_route=\/wp\/v2\/tribe_events\/2352\/revisions"}],"wp:attachment":[{"href":"http:\/\/www.semen-l.org\/index.php?rest_route=%2Fwp%2Fv2%2Fmedia&parent=2352"}],"wp:term":[{"taxonomy":"post_tag","embeddable":true,"href":"http:\/\/www.semen-l.org\/index.php?rest_route=%2Fwp%2Fv2%2Ftags&post=2352"},{"taxonomy":"tribe_events_cat","embeddable":true,"href":"http:\/\/www.semen-l.org\/index.php?rest_route=%2Fwp%2Fv2%2Ftribe_events_cat&post=2352"}],"curies":[{"name":"wp","href":"https:\/\/api.w.org\/{rel}","templated":true}]}}

Assemblée générale de la SEMEN-L (Sorbonne)

<p>« L&rsquo;Assemblée générale de la SEMEN-L se tiendra en Sorbonne le samedi 4 février 2023, amphi Michelet (entrée par le 46 rue Saint-Jacques). Elle sera précédée, à 14h30, d&rsquo;une conférence de Géraldine Cazals (Université de Bordeaux) intitulée « Guillaume de La Perrière, auteur « néo-latin »? ». Inscription obligatoire pour toute personne extérieure à la Sorbonne, à prendre avant le 1er février, par courriel à l&rsquo;adresse semen-l at outlook.com. Les personnes ne possédant pas de carte professionnelle de la Sorbonne devront présenter une pièce d&rsquo;identité à l&rsquo;entrée ».</p>

<p>« L&rsquo;Assemblée générale de la SEMEN-L se tiendra en Sorbonne le samedi 4 février 2023, amphi Michelet (entrée par le 46 rue Saint-Jacques). Elle sera précédée, à 14h30, d&rsquo;une conférence de Géraldine Cazals (Université de Bordeaux) intitulée « Guillaume de La Perrière, &hellip; <a href="http://www.semen-l.org/?tribe_events=assemblee-generale-de-la-semen-l-sorbonne">Continuer la lecture <span class="meta-nav">&rarr;</span></a></p>

<!-- This site is optimized with the Yoast SEO plugin v27.5 - https://yoast.com/product/yoast-seo-wordpress/ -->
<title>Assemblée générale de la SEMEN-L (Sorbonne) - Société d&#039;Études Médio Et Néo-Latines</title>
<meta name="robots" content="index, follow, max-snippet:-1, max-image-preview:large, max-video-preview:-1" />
<link rel="canonical" href="https://www.semen-l.org/?tribe_events=assemblee-generale-de-la-semen-l-sorbonne" />
<meta property="og:locale" content="fr_FR" />
<meta property="og:type" content="article" />
<meta property="og:title" content="Assemblée générale de la SEMEN-L (Sorbonne) - Société d&#039;Études Médio Et Néo-Latines" />
<meta property="og:description" content="« L&rsquo;Assemblée générale de la SEMEN-L se tiendra en Sorbonne le samedi 4 février 2023, amphi Michelet (entrée par le 46 rue Saint-Jacques). Elle sera précédée, à 14h30, d&rsquo;une conférence de Géraldine Cazals (Université de Bordeaux) intitulée « Guillaume de La Perrière, &hellip; Continuer la lecture &rarr;" />
<meta property="og:url" content="https://www.semen-l.org/?tribe_events=assemblee-generale-de-la-semen-l-sorbonne" />
<meta property="og:site_name" content="Société d&#039;Études Médio Et Néo-Latines" />
<meta property="article:publisher" content="https://www.facebook.com/SEMENL2018" />
<meta name="twitter:card" content="summary_large_image" />
<meta name="twitter:label1" content="Durée de lecture estimée" />
	<meta name="twitter:data1" content="1 minute" />
<script type="application/ld+json" class="yoast-schema-graph">{"@context":"https:\/\/schema.org","@graph":[{"@type":"WebPage","@id":"https:\/\/www.semen-l.org\/?tribe_events=assemblee-generale-de-la-semen-l-sorbonne","url":"https:\/\/www.semen-l.org\/?tribe_events=assemblee-generale-de-la-semen-l-sorbonne","name":"Assemblée générale de la SEMEN-L (Sorbonne) - Société d&#039;Études Médio Et Néo-Latines","isPartOf":{"@id":"http:\/\/www.semen-l.org\/#website"},"datePublished":"2022-12-15T21:41:56+00:00","breadcrumb":{"@id":"https:\/\/www.semen-l.org\/?tribe_events=assemblee-generale-de-la-semen-l-sorbonne#breadcrumb"},"inLanguage":"fr-FR","potentialAction":[{"@type":"ReadAction","target":["https:\/\/www.semen-l.org\/?tribe_events=assemblee-generale-de-la-semen-l-sorbonne"]}]},{"@type":"BreadcrumbList","@id":"https:\/\/www.semen-l.org\/?tribe_events=assemblee-generale-de-la-semen-l-sorbonne#breadcrumb","itemListElement":[{"@type":"ListItem","position":1,"name":"Accueil","item":"http:\/\/www.semen-l.org\/"},{"@type":"ListItem","position":2,"name":"Évènements","item":"http:\/\/www.semen-l.org\/?post_type=tribe_events"},{"@type":"ListItem","position":3,"name":"Assemblée générale de la SEMEN-L (Sorbonne)"}]},{"@type":"WebSite","@id":"http:\/\/www.semen-l.org\/#website","url":"http:\/\/www.semen-l.org\/","name":"Société d'Études Médio Et Néo-Latines","description":"","publisher":{"@id":"http:\/\/www.semen-l.org\/#organization"},"potentialAction":[{"@type":"SearchAction","target":{"@type":"EntryPoint","urlTemplate":"http:\/\/www.semen-l.org\/?s={search_term_string}"},"query-input":{"@type":"PropertyValueSpecification","valueRequired":true,"valueName":"search_term_string"}}],"inLanguage":"fr-FR"},{"@type":"Organization","@id":"http:\/\/www.semen-l.org\/#organization","name":"Société d'études médio et néo-latines","url":"http:\/\/www.semen-l.org\/","logo":{"@type":"ImageObject","inLanguage":"fr-FR","@id":"http:\/\/www.semen-l.org\/#\/schema\/logo\/image\/","url":"http:\/\/www.semen-l.org\/wp-content\/uploads\/2020\/11\/logo-semenl.jpg","contentUrl":"http:\/\/www.semen-l.org\/wp-content\/uploads\/2020\/11\/logo-semenl.jpg","width":408,"height":403,"caption":"Société d'études médio et néo-latines"},"image":{"@id":"http:\/\/www.semen-l.org\/#\/schema\/logo\/image\/"},"sameAs":["https:\/\/www.facebook.com\/SEMENL2018","https:\/\/independent.academia.edu\/SocitsdtudesmdioetnolatinesSEMENL"]}]}</script>
<!-- / Yoast SEO plugin. -->

Assemblée générale de la SEMEN-L (Sorbonne) - Société d&#039;Études Médio Et Néo-Latines

« L&rsquo;Assemblée générale de la SEMEN-L se tiendra en Sorbonne le samedi 4 février 2023, amphi Michelet (entrée par le 46 rue Saint-Jacques). Elle sera précédée, à 14h30, d&rsquo;une conférence de Géraldine Cazals (Université de Bordeaux) intitulée « Guillaume de La Perrière, &hellip; Continuer la lecture &rarr;

Société d&#039;Études Médio Et Néo-Latines

Évènements

Société d'Études Médio Et Néo-Latines

Société d'études médio et néo-latines
